sor of 33 and j?
33
Let g(p) = 3*p**3 - 2*p + 1. Let s be g(1). Let d be 1/((s - 0)/74). Let t = d + 40. Calculate the highest common divisor of 7 and t.
7
Let p = 2 - -2. Let i be (1/(-2))/(5/(-30)). Let d = p - i. What is the greatest common factor of 5 and d?
1
Suppose 4*h = 971 + 37. Suppose -2*s = s - h. Suppose -3*q + 3*g = -27, q + 12 = 3*q - 4*g. What is the greatest common factor of s and q?
12
Let u(l) = -l**3 - 11*l**2 - 25*l + 3. Let w be u(-8). What is the greatest common factor of 33 and w?
11
Let i be 9/(-18)*(0 + -26). Calculate the highest common factor of i and 130.
13
Let v(k) = k**3 - 2*k**2 - k - 3. Let o be (15/10)/((-1)/(-2)). Let l be v(o). Suppose -1 = -l*g + 23. Calculate the greatest common factor of g and 1.
1
Let h = -20 + 34. Let b = 268 + -170. Calculate the highest common factor of b and h.
14
Suppose -5*a = k - 158, -3*a + 90 = 5*k - 2*k. What is the greatest common factor of 16 and a?
16
Let w be 132/10*(-80)/(-6). Calculate the greatest common divisor of w and 16.
16
Suppose 5*r - 3*r - 18 = 0. What is the highest common divisor of r and 81?
9
Let t be -2 + 1 + -1 - -3. What is the greatest common factor of t and 3?
1
Let g = -605 + 855. What is the greatest common divisor of g and 25?
25
Let u = 3 + -1. Let k(x) = -2 + 0*x**2 + 4 + 7*x**u. Let f be k(3). What is the greatest common divisor of f and 26?
13
Let b = 50 + -38. Calculate the highest common divisor of b and 24.
12
Let m(x) = -2*x**3 - x**2 + 2*x + 3. Let k be m(3). Let h = k - -90. Let p = -10 + 14. Calculate the highest common factor of p and h.
4
Let b be 1 + (0/1 - 0). Let f be 12/(b - 2 - -2). What is the highest common factor of 4 and f?
4
Suppose a - 4 = -2, 3*a + 19 = m. What is the highest common divisor of 175 and m?
25
Let r = -18 + 25. Let w(m) = m**3 - 5*m**2 - m - 3. Let b be w(r). Calculate the highest common divisor of 8 and b.
8
Suppose 2*s - 5*s = -99. Let h(j) = j**2 + 7*j - 3. Let i be h(5). Let d = i - s. Calculate the highest common divisor of d and 36.
12
Let j be ((-2)/(-5))/(1/40). Suppose -2*f + 44 = 4*i, 0*i - 2*i = 4*f - 64. Let u(s) = 6*s - 4. Let a be u(f). Calculate the greatest common divisor of j and a.
16
Let a = 47 - 32. What is the greatest common factor of 120 and a?
15
Let u = -163 + 210. Calculate the highest common factor of u and 47.
47
Let y = -19 + 22. What is the highest common factor of 57 and y?
3
Let d(k) = 6*k**2 + 9*k - 2. Let h be d(-3). Calculate the highest common factor of h and 75.
25
Let o be (-64)/40*(325 + 0). Let k be (-1)/(-3) - o/15. What is the highest common divisor of k and 5?
5
Let v = -17 + 13. Let h be (v/(-6))/((-14)/(-63)). Let m(k) = 16*k**2 - 2*k + 1. Let a be m(1). What is the highest common divisor of h and a?
3
Let d = 36 - 26. Let s = d - -5. What is the greatest common factor of 3 and s?
3
Let x = 335 + -62. Let t be x/26 + 2/(-4). Calculate the greatest common factor of t and 20.
10
Let q be 21/(-4)*240/(-90). Calculate the greatest common factor of q and 140.
14
Let d be 585/63 + (-2)/7. What is the greatest common factor of d and 27?
9
Let r be (2 - (-2 + -1)) + 4. Calculate the highest common divisor of r and 27.
9
Suppose -63 + 8 = -5*i. Suppose -440 = -7*l + 2*l. Calculate the highest common divisor of i and l.
11
Let z(o) = o**2 + 7*o + 6. Let y be z(-6). Suppose -5*q + 85 = -5*v, -3*q + v = -y*q - 59. What is the greatest common factor of q and 21?
21
Suppose -5*d - 4*p + 46 = 0, -3*d + 16 = -d + p. Suppose -2*c = -5*q + 156, -21 = 4*q - 5*q - 3*c. Calculate the greatest common divisor of d and q.
6
Suppose -2*d = w - 18, 0 = d - 0*d - 4. Calculate the highest common factor of w and 10.
10
Let j be (4/(-10))/((-3)/105). Suppose 0 = -4*v - j + 62. Calculate the greatest common factor of v and 18.
6
Suppose -r + 3 - 5 = 0, 5*y = 2*r + 44. Calculate the highest common factor of 48 and y.
8
Let l = -6 - -7. Let r be 2 - (1 + l + -14). Calculate the highest common divisor of r and 14.
14
Let o(i) = -24*i**3 - 4*i**2 - i + 2. Suppose -2*t - 4 = -0. Let x be o(t). What is the highest common divisor of 20 and x?
20
Let l(n) = -21*n - 2. Let s be l(-2). Suppose 4*o = -0 + s. Let v = 3 + 1. Calculate the highest common divisor of v and o.
2
Let c = -31 - -40. What is the highest common divisor of c and 12?
3
Let g be (-488)/(-22) + (-10)/55. Suppose r - g = -2. Let t = 25 - -25. What is the greatest common factor of t and r?
10
Let z(k) = k**2 - 8*k + 28. Let m be z(10). Calculate the highest common divisor of m and 6.
6
Let s(t) = 3*t**2 + t. Let q = 1 + 0. Let x be s(q). Suppose 2*r + 3*r + 25 = 0, x*r - 30 = -5*w. Calculate the highest common factor of w and 10.
10
Suppose f - 3*g - 1 + 0 = 0, 14 = 4*f - 2*g. Suppose -2*c + 20 = -0*c. Calculate the greatest common factor of f and c.
2
Suppose -120 = -2*t - 2*u, -3*t + 4*u + 208 = -0*u. Calculate the highest common divisor of t and 8.
8
Suppose 18 = 4*l - 10. Let j(w) = w - 3. Let n be j(3). Suppose -52 = -y - 0*y + i, n = -2*y - 3*i + 124. Calculate the greatest common factor of l and y.
7
Suppose 2*g - 13 = 3*s, -5*g - 5*s = -0*s + 5. Calculate the greatest common factor of 2 and g.
2
Let g = -27 + 42. What is the greatest common factor of g and 135?
15
Suppose -4*h + 5*d - 4 = -55, 2*d - 30 = -4*h. Calculate the highest common factor of h and 72.
9
Let u = 39 - 27. Suppose 3*r - 5*o - 159 = 0, 0*r = -5*r - 4*o + 228. What is the highest common divisor of r and u?
12
Let h(q) = -q**2 - 15*q - 5. Let t be h(-10). Calculate the highest common factor of 18 and t.
9
Suppose 4*y - 5*m = -7, 3*m - 2*m - 13 = -5*y. Calculate the highest common factor of 16 and y.
2
Suppose -8*t = -5*t. Let a be -4 + 1 + t + 21. Suppose -k - 3*k + 24 = 0. Calculate the highest common divisor of a and k.
6
Let l be 20/(-30)*24*-1. What is the greatest common divisor of l and 112?
16
Let m be 3/2 - (-215)/10. Let y = -19 + m. Calculate the highest common divisor of y and 10.
2
Suppose 3*s = 2*s + 2. Let k be (s - -1)/(9/120). Calculate the highest common divisor of 10 and k.
10
Suppose -3*c + 42 = -2*o, 6*c + 2*o = 10*c - 54. What is the highest common divisor of 24 and c?
12
Suppose 47 + 73 = 5*c. Let x be (-66)/(-2) + 5/(-5). Suppose 6*z - 2*z = x. What is the greatest common factor of c and z?
8
Suppose -67 = -4*h - 4*u - 15, -57 = -4*h - 3*u. Calculate the highest common divisor of h and 126.
18
Suppose 0 = -5*r - 4*o + 360, 3*o - 216 = -3*r - 0*o. Suppose 3*s + r = 4*s. Calculate the highest common divisor of s and 9.
9
Let r = 83 + -35. Calculate the greatest common factor of r and 6.
6
Let x be (4/10)/((-1)/5). Let f(p) be the third derivative of -7*p**4/24 - p**3/3 - 4*p**2. Let c be f(x). What is the highest common divisor of 108 and c?
12
Suppose 2*r - 5*j - 28 = -3*j, 5*j + 10 = r. Let a = 11 - 5. Suppose 4 = -n - 3*o, a*o = n + o - 20. What is the greatest common factor of r and n?
5
Let a = -21 - -30. Let t be (-3020)/(-18) - (-2)/a. Calculate the highest common factor of 21 and t.
21
Let t = -2 - -2. Suppose 5*k - 2*k - 21 = t. Calculate the highest common divisor of 7 and k.
7
Suppose 0 = -2*i - i - 2*o + 82, 57 = 3*i - 3*o. Suppose 4*u + 24 = -i. Let h be 16/(-6)*18/u. Calculate the greatest common divisor of h and 12.
4
Let b(y) = 6*y - y**3 + 2*y + 1 - 6 + 6*y**2. Let p be b(7). Suppose 3*r + 21 = 4*q, -7 = p*q - 0*r - 5*r. Calculate the greatest common factor of q and 90.
9
Suppose 4*i - 2*i - 26 = 0. Suppose -3*o = -4*t + 104, 0*t + 2*t - 5*o = 52. Calculate the highest common factor of i and t.
13
Suppose -2*y = -7*y + 825. Let p = -22 + 37. What is the greatest common factor of p and y?
15
Let q(b) = -b**2 + 0*b**2 + b + 5*b + 7. Let g be q(-5). Let k be 6/8*g/(-3). What is the greatest common factor of k and 48?
12
Let t = -28 - -145. Calculate the highest common divisor of t and 13.
13
Let s = -17 - -27. Suppose -6 = -b + 3*l + 1, 2*l - 2 = 0. Calculate the greatest common divisor of s and b.
10
Suppose -14 = -10*p + 3*p. Let m = 74 - 52. What is the greatest common factor of p and m?
2
Suppose -2*g + 55 = 3*g. Let d = -25 - -36. Calculate the highest common factor of g and d.
11
Suppose 25 = -3*j + 2*g, 2*g = -4*j + 5*g - 34. Let h = j + 7. Suppose -5*s + 256 + 404 = h. What is the highest common divisor of 12 and s?
12